{"id":7796,"date":"2025-10-02T14:49:53","date_gmt":"2025-10-02T14:49:53","guid":{"rendered":"https:\/\/desenvolvimentoweb.pt\/elp\/?page_id=7796"},"modified":"2025-10-16T16:29:46","modified_gmt":"2025-10-16T16:29:46","slug":"servicos-old","status":"publish","type":"page","link":"https:\/\/desenvolvimentoweb.pt\/elp\/servicos-old\/","title":{"rendered":"Servi\u00e7os old"},"content":{"rendered":"\t\t<div data-elementor-type=\"wp-page\" data-elementor-id=\"7796\" class=\"elementor elementor-7796\" data-elementor-post-type=\"page\">\n\t\t\t\t\t\t<section class=\"elementor-section elementor-top-section elementor-element elementor-element-29b72589 elementor-section-boxed elementor-section-height-default elementor-section-height-default\" data-id=\"29b72589\" data-element_type=\"section\">\n\t\t\t\t\t\t\t<div class=\"elementor-background-overlay\"><\/div>\n\t\t\t\t\t\t\t<div class=\"elementor-container elementor-column-gap-wide\">\n\t\t\t\t\t<div class=\"elementor-column elementor-col-50 elementor-top-column elementor-element elementor-element-12cd1b12\" data-id=\"12cd1b12\" data-element_type=\"column\">\n\t\t\t<div class=\"elementor-widget-wrap elementor-element-populated\">\n\t\t\t\t\t\t<div class=\"elementor-element elementor-element-21cd1c59 elementor-widget elementor-widget-heading\" data-id=\"21cd1c59\" data-element_type=\"widget\" data-widget_type=\"heading.default\">\n\t\t\t\t\t<h2 class=\"elementor-heading-title elementor-size-xxl\">Servi\u00e7os<\/h2>\t\t\t\t<\/div>\n\t\t\t\t<div class=\"elementor-element elementor-element-471299db elementor-widget__width-initial elementor-widget elementor-widget-heading\" data-id=\"471299db\" data-element_type=\"widget\" data-widget_type=\"heading.default\">\n\t\t\t\t\t<h3 class=\"elementor-heading-title elementor-size-default\">Colocamos \u00e0 disposi\u00e7\u00e3o dos nossos clientes uma oferta diversificada de servi\u00e7os no setor da constru\u00e7\u00e3o civil.<\/h3>\t\t\t\t<\/div>\n\t\t\t\t\t<\/div>\n\t\t<\/div>\n\t\t\t\t<div class=\"elementor-column elementor-col-50 elementor-top-column elementor-element elementor-element-fdc6210 elementor-hidden-tablet elementor-hidden-phone\" data-id=\"fdc6210\" data-element_type=\"column\">\n\t\t\t<div class=\"elementor-widget-wrap\">\n\t\t\t\t\t\t\t<\/div>\n\t\t<\/div>\n\t\t\t\t\t<\/div>\n\t\t<\/section>\n\t\t\t\t<section class=\"elementor-section elementor-top-section elementor-element elementor-element-1710d75 elementor-section-boxed elementor-section-height-default elementor-section-height-default\" data-id=\"1710d75\" data-element_type=\"section\">\n\t\t\t\t\t\t\t<div class=\"elementor-background-overlay\"><\/div>\n\t\t\t\t\t\t\t<div class=\"elementor-container elementor-column-gap-default\">\n\t\t\t\t\t<div class=\"elementor-column elementor-col-100 elementor-top-column elementor-element elementor-element-e3220af\" data-id=\"e3220af\" data-element_type=\"column\">\n\t\t\t<div class=\"elementor-widget-wrap elementor-element-populated\">\n\t\t\t\t\t\t<section class=\"elementor-section elementor-inner-section elementor-element elementor-element-696cd73 elementor-section-boxed elementor-section-height-default elementor-section-height-default\" data-id=\"696cd73\" data-element_type=\"section\">\n\t\t\t\t\t\t<div class=\"elementor-container elementor-column-gap-extended\">\n\t\t\t\t\t<div class=\"elementor-column elementor-col-33 elementor-inner-column elementor-element elementor-element-26733c5\" data-id=\"26733c5\" data-element_type=\"column\">\n\t\t\t<div class=\"elementor-widget-wrap elementor-element-populated\">\n\t\t\t\t\t\t<div class=\"elementor-element elementor-element-9f81ad6 elementor-position-top elementor-widget elementor-widget-image-box\" data-id=\"9f81ad6\" data-element_type=\"widget\" data-widget_type=\"image-box.default\">\n\t\t\t\t\t<div class=\"elementor-image-box-wrapper\"><figure class=\"elementor-image-box-img\"><img fetchpriority=\"high\" decoding=\"async\" width=\"256\" height=\"256\" src=\"https:\/\/desenvolvimentoweb.pt\/elp\/wp-content\/uploads\/2020\/12\/tank.png\" class=\"attachment-full size-full wp-image-1117\" alt=\"\" srcset=\"https:\/\/desenvolvimentoweb.pt\/elp\/wp-content\/uploads\/2020\/12\/tank.png 256w, https:\/\/desenvolvimentoweb.pt\/elp\/wp-content\/uploads\/2020\/12\/tank-150x150.png 150w, https:\/\/desenvolvimentoweb.pt\/elp\/wp-content\/uploads\/2020\/12\/tank-80x80.png 80w\" sizes=\"(max-width: 256px) 100vw, 256px\" \/><\/figure><div class=\"elementor-image-box-content\"><h3 class=\"elementor-image-box-title\">Obras <br>P\u00fablicas <\/h3><p class=\"elementor-image-box-description\">Executamos projetos de obras p\u00fablicas em diferentes contextos, em parceria com munic\u00edpios, IPSS e institui\u00e7\u00f5es nacionais. Garantimos rigor, cumprimento de prazos e normas, solu\u00e7\u00f5es duradouras e de elevada qualidade para cada obra realizada.<\/p><\/div><\/div>\t\t\t\t<\/div>\n\t\t\t\t<div class=\"elementor-element elementor-element-0d2449b elementor-align-right elementor-widget elementor-widget-button\" data-id=\"0d2449b\" data-element_type=\"widget\" data-widget_type=\"button.default\">\n\t\t\t\t\t\t\t\t\t\t<a class=\"elementor-button elementor-button-link elementor-size-sm\" href=\"https:\/\/desenvolvimentoweb.pt\/elp\/servicos\/obras-publicas\/\">\n\t\t\t\t\t\t<span class=\"elementor-button-content-wrapper\">\n\t\t\t\t\t\t\t\t\t<span class=\"elementor-button-text\">Saiba Mais<\/span>\n\t\t\t\t\t<\/span>\n\t\t\t\t\t<\/a>\n\t\t\t\t\t\t\t\t<\/div>\n\t\t\t\t\t<\/div>\n\t\t<\/div>\n\t\t\t\t<div class=\"elementor-column elementor-col-33 elementor-inner-column elementor-element elementor-element-a03fdd8\" data-id=\"a03fdd8\" data-element_type=\"column\">\n\t\t\t<div class=\"elementor-widget-wrap elementor-element-populated\">\n\t\t\t\t\t\t<div class=\"elementor-element elementor-element-78020a0 elementor-position-top elementor-widget elementor-widget-image-box\" data-id=\"78020a0\" data-element_type=\"widget\" data-widget_type=\"image-box.default\">\n\t\t\t\t\t<div class=\"elementor-image-box-wrapper\"><figure class=\"elementor-image-box-img\"><img decoding=\"async\" width=\"256\" height=\"256\" src=\"https:\/\/desenvolvimentoweb.pt\/elp\/wp-content\/uploads\/2020\/12\/forklift.png\" class=\"attachment-full size-full wp-image-1115\" alt=\"\" srcset=\"https:\/\/desenvolvimentoweb.pt\/elp\/wp-content\/uploads\/2020\/12\/forklift.png 256w, https:\/\/desenvolvimentoweb.pt\/elp\/wp-content\/uploads\/2020\/12\/forklift-150x150.png 150w, https:\/\/desenvolvimentoweb.pt\/elp\/wp-content\/uploads\/2020\/12\/forklift-80x80.png 80w\" sizes=\"(max-width: 256px) 100vw, 256px\" \/><\/figure><div class=\"elementor-image-box-content\"><h3 class=\"elementor-image-box-title\">Reabilita\u00e7\u00e3o <br>de Edif\u00edcios<\/h3><p class=\"elementor-image-box-description\">Dedicamo-nos \u00e0 reabilita\u00e7\u00e3o e recupera\u00e7\u00e3o de edif\u00edcios, preservando o patrim\u00f3nio existente e adaptando-o \u00e0s exig\u00eancias atuais. Aliamos tradi\u00e7\u00e3o e inova\u00e7\u00e3o, respeitando a hist\u00f3ria de cada espa\u00e7o e acrescentando valor ao futuro com solu\u00e7\u00f5es de qualidade.<\/p><\/div><\/div>\t\t\t\t<\/div>\n\t\t\t\t<div class=\"elementor-element elementor-element-257400c elementor-align-right elementor-widget elementor-widget-button\" data-id=\"257400c\" data-element_type=\"widget\" data-widget_type=\"button.default\">\n\t\t\t\t\t\t\t\t\t\t<a class=\"elementor-button elementor-button-link elementor-size-sm\" href=\"https:\/\/desenvolvimentoweb.pt\/elp\/servicos\/reabilitacao-de-edificios\/\">\n\t\t\t\t\t\t<span class=\"elementor-button-content-wrapper\">\n\t\t\t\t\t\t\t\t\t<span class=\"elementor-button-text\">Saiba Mais<\/span>\n\t\t\t\t\t<\/span>\n\t\t\t\t\t<\/a>\n\t\t\t\t\t\t\t\t<\/div>\n\t\t\t\t\t<\/div>\n\t\t<\/div>\n\t\t\t\t<div class=\"elementor-column elementor-col-33 elementor-inner-column elementor-element elementor-element-a578f2d\" data-id=\"a578f2d\" data-element_type=\"column\">\n\t\t\t<div class=\"elementor-widget-wrap elementor-element-populated\">\n\t\t\t\t\t\t<div class=\"elementor-element elementor-element-59a2ede elementor-position-top elementor-widget elementor-widget-image-box\" data-id=\"59a2ede\" data-element_type=\"widget\" data-widget_type=\"image-box.default\">\n\t\t\t\t\t<div class=\"elementor-image-box-wrapper\"><figure class=\"elementor-image-box-img\"><img decoding=\"async\" width=\"256\" height=\"256\" src=\"https:\/\/desenvolvimentoweb.pt\/elp\/wp-content\/uploads\/2020\/12\/content-management-system-2.png\" class=\"attachment-full size-full wp-image-1111\" alt=\"\" srcset=\"https:\/\/desenvolvimentoweb.pt\/elp\/wp-content\/uploads\/2020\/12\/content-management-system-2.png 256w, https:\/\/desenvolvimentoweb.pt\/elp\/wp-content\/uploads\/2020\/12\/content-management-system-2-150x150.png 150w, https:\/\/desenvolvimentoweb.pt\/elp\/wp-content\/uploads\/2020\/12\/content-management-system-2-80x80.png 80w\" sizes=\"(max-width: 256px) 100vw, 256px\" \/><\/figure><div class=\"elementor-image-box-content\"><h3 class=\"elementor-image-box-title\">Manuten\u00e7\u00e3o e  <br>Conserva\u00e7\u00e3o<\/h3><p class=\"elementor-image-box-description\">Prestamos servi\u00e7os de manuten\u00e7\u00e3o e conserva\u00e7\u00e3o de infraestruturas, garantindo que edif\u00edcios e espa\u00e7os p\u00fablicos se mant\u00eam funcionais, seguros e atrativos ao longo do tempo. Trabalhamos com rigor e efici\u00eancia, assegurando confian\u00e7a e durabilidade.<\/p><\/div><\/div>\t\t\t\t<\/div>\n\t\t\t\t<div class=\"elementor-element elementor-element-1dbba19 elementor-align-right elementor-widget elementor-widget-button\" data-id=\"1dbba19\" data-element_type=\"widget\" data-widget_type=\"button.default\">\n\t\t\t\t\t\t\t\t\t\t<a class=\"elementor-button elementor-button-link elementor-size-sm\" href=\"https:\/\/desenvolvimentoweb.pt\/elp\/servicos\/manutencao-e-conservacao\/\">\n\t\t\t\t\t\t<span class=\"elementor-button-content-wrapper\">\n\t\t\t\t\t\t\t\t\t<span class=\"elementor-button-text\">Saiba Mais<\/span>\n\t\t\t\t\t<\/span>\n\t\t\t\t\t<\/a>\n\t\t\t\t\t\t\t\t<\/div>\n\t\t\t\t\t<\/div>\n\t\t<\/div>\n\t\t\t\t\t<\/div>\n\t\t<\/section>\n\t\t\t\t<section class=\"elementor-section elementor-inner-section elementor-element elementor-element-444e524 elementor-section-boxed elementor-section-height-default elementor-section-height-default\" data-id=\"444e524\" data-element_type=\"section\">\n\t\t\t\t\t\t<div class=\"elementor-container elementor-column-gap-extended\">\n\t\t\t\t\t<div class=\"elementor-column elementor-col-33 elementor-inner-column elementor-element elementor-element-6bba4f8\" data-id=\"6bba4f8\" data-element_type=\"column\">\n\t\t\t<div class=\"elementor-widget-wrap elementor-element-populated\">\n\t\t\t\t\t\t<div class=\"elementor-element elementor-element-4aac0e4 elementor-position-top elementor-widget elementor-widget-image-box\" data-id=\"4aac0e4\" data-element_type=\"widget\" data-widget_type=\"image-box.default\">\n\t\t\t\t\t<div class=\"elementor-image-box-wrapper\"><figure class=\"elementor-image-box-img\"><img loading=\"lazy\" decoding=\"async\" width=\"256\" height=\"256\" src=\"https:\/\/desenvolvimentoweb.pt\/elp\/wp-content\/uploads\/2020\/12\/control-lever.png\" class=\"attachment-full size-full wp-image-1112\" alt=\"\" srcset=\"https:\/\/desenvolvimentoweb.pt\/elp\/wp-content\/uploads\/2020\/12\/control-lever.png 256w, https:\/\/desenvolvimentoweb.pt\/elp\/wp-content\/uploads\/2020\/12\/control-lever-150x150.png 150w, https:\/\/desenvolvimentoweb.pt\/elp\/wp-content\/uploads\/2020\/12\/control-lever-80x80.png 80w\" sizes=\"(max-width: 256px) 100vw, 256px\" \/><\/figure><div class=\"elementor-image-box-content\"><h3 class=\"elementor-image-box-title\">Planeamento <\/br>e Gest\u00e3o<\/h3><p class=\"elementor-image-box-description\">Apoiamos todo o ciclo de vida de cada projeto atrav\u00e9s de planeamento e gest\u00e3o rigorosa. Garantimos efici\u00eancia, controlo or\u00e7amental e otimiza\u00e7\u00e3o de recursos, assegurando o cumprimento de prazos e qualidade. Focamo-nos sempre nos melhores resultados.<\/p><\/div><\/div>\t\t\t\t<\/div>\n\t\t\t\t<div class=\"elementor-element elementor-element-ab28816 elementor-align-right elementor-widget elementor-widget-button\" data-id=\"ab28816\" data-element_type=\"widget\" data-widget_type=\"button.default\">\n\t\t\t\t\t\t\t\t\t\t<a class=\"elementor-button elementor-button-link elementor-size-sm\" href=\"https:\/\/desenvolvimentoweb.pt\/elp\/servicos\/planeamento-e-gestao\/\">\n\t\t\t\t\t\t<span class=\"elementor-button-content-wrapper\">\n\t\t\t\t\t\t\t\t\t<span class=\"elementor-button-text\">Saiba Mais<\/span>\n\t\t\t\t\t<\/span>\n\t\t\t\t\t<\/a>\n\t\t\t\t\t\t\t\t<\/div>\n\t\t\t\t\t<\/div>\n\t\t<\/div>\n\t\t\t\t<div class=\"elementor-column elementor-col-33 elementor-inner-column elementor-element elementor-element-0888ccc\" data-id=\"0888ccc\" data-element_type=\"column\">\n\t\t\t<div class=\"elementor-widget-wrap elementor-element-populated\">\n\t\t\t\t\t\t<div class=\"elementor-element elementor-element-cefef12 elementor-position-top elementor-widget elementor-widget-image-box\" data-id=\"cefef12\" data-element_type=\"widget\" data-widget_type=\"image-box.default\">\n\t\t\t\t\t<div class=\"elementor-image-box-wrapper\"><figure class=\"elementor-image-box-img\"><img loading=\"lazy\" decoding=\"async\" width=\"256\" height=\"256\" src=\"https:\/\/desenvolvimentoweb.pt\/elp\/wp-content\/uploads\/2020\/12\/factory.png\" class=\"attachment-full size-full wp-image-1114\" alt=\"\" srcset=\"https:\/\/desenvolvimentoweb.pt\/elp\/wp-content\/uploads\/2020\/12\/factory.png 256w, https:\/\/desenvolvimentoweb.pt\/elp\/wp-content\/uploads\/2020\/12\/factory-150x150.png 150w, https:\/\/desenvolvimentoweb.pt\/elp\/wp-content\/uploads\/2020\/12\/factory-80x80.png 80w\" sizes=\"(max-width: 256px) 100vw, 256px\" \/><\/figure><div class=\"elementor-image-box-content\"><h3 class=\"elementor-image-box-title\">Estruturas e <\/br>Funda\u00e7\u00f5es<\/h3><p class=\"elementor-image-box-description\">Somos especializados na execu\u00e7\u00e3o de estruturas e funda\u00e7\u00f5es, oferecendo solu\u00e7\u00f5es t\u00e9cnicas robustas e seguras, essenciais para a durabilidade e resist\u00eancia de qualquer obra. O nosso trabalho assegura qualidade, confian\u00e7a e m\u00e1xima seguran\u00e7a em cada projeto.<\/p><\/div><\/div>\t\t\t\t<\/div>\n\t\t\t\t<div class=\"elementor-element elementor-element-62db5cc elementor-align-right elementor-widget elementor-widget-button\" data-id=\"62db5cc\" data-element_type=\"widget\" data-widget_type=\"button.default\">\n\t\t\t\t\t\t\t\t\t\t<a class=\"elementor-button elementor-button-link elementor-size-sm\" href=\"https:\/\/desenvolvimentoweb.pt\/elp\/servicos\/estrutura-e-fundacoes\/\">\n\t\t\t\t\t\t<span class=\"elementor-button-content-wrapper\">\n\t\t\t\t\t\t\t\t\t<span class=\"elementor-button-text\">Saiba Mais<\/span>\n\t\t\t\t\t<\/span>\n\t\t\t\t\t<\/a>\n\t\t\t\t\t\t\t\t<\/div>\n\t\t\t\t\t<\/div>\n\t\t<\/div>\n\t\t\t\t<div class=\"elementor-column elementor-col-33 elementor-inner-column elementor-element elementor-element-35cd6da\" data-id=\"35cd6da\" data-element_type=\"column\">\n\t\t\t<div class=\"elementor-widget-wrap\">\n\t\t\t\t\t\t\t<\/div>\n\t\t<\/div>\n\t\t\t\t\t<\/div>\n\t\t<\/section>\n\t\t\t\t\t<\/div>\n\t\t<\/div>\n\t\t\t\t\t<\/div>\n\t\t<\/section>\n\t\t\t\t<section class=\"elementor-section elementor-top-section elementor-element elementor-element-dad6c71 elementor-section-boxed elementor-section-height-default elementor-section-height-default\" data-id=\"dad6c71\" data-element_type=\"section\" data-settings=\"{&quot;background_background&quot;:&quot;classic&quot;}\">\n\t\t\t\t\t\t<div class=\"elementor-container elementor-column-gap-default\">\n\t\t\t\t\t<div class=\"elementor-column elementor-col-100 elementor-top-column elementor-element elementor-element-ba66ed4\" data-id=\"ba66ed4\" data-element_type=\"column\" data-settings=\"{&quot;background_background&quot;:&quot;classic&quot;}\">\n\t\t\t<div class=\"elementor-widget-wrap elementor-element-populated\">\n\t\t\t\t\t\t<section class=\"elementor-section elementor-inner-section elementor-element elementor-element-6e73bc2 elementor-section-boxed elementor-section-height-default elementor-section-height-default elementor-invisible\" data-id=\"6e73bc2\" data-element_type=\"section\" data-settings=\"{&quot;animation&quot;:&quot;fadeIn&quot;}\">\n\t\t\t\t\t\t<div class=\"elementor-container elementor-column-gap-default\">\n\t\t\t\t\t<div class=\"elementor-column elementor-col-66 elementor-inner-column elementor-element elementor-element-7211f1a\" data-id=\"7211f1a\" data-element_type=\"column\" data-settings=\"{&quot;background_background&quot;:&quot;classic&quot;}\">\n\t\t\t<div class=\"elementor-widget-wrap elementor-element-populated\">\n\t\t\t\t\t\t<div class=\"elementor-element elementor-element-2d0e1d2 elementor-widget elementor-widget-heading\" data-id=\"2d0e1d2\" data-element_type=\"widget\" data-widget_type=\"heading.default\">\n\t\t\t\t\t<h2 class=\"elementor-heading-title elementor-size-xl\">ELP Any Trade<\/h2>\t\t\t\t<\/div>\n\t\t\t\t<div class=\"elementor-element elementor-element-0e3d7f9 elementor-widget elementor-widget-heading\" data-id=\"0e3d7f9\" data-element_type=\"widget\" data-widget_type=\"heading.default\">\n\t\t\t\t\t<h3 class=\"elementor-heading-title elementor-size-default\">Somos especializada em obras p\u00fablicas, reabilita\u00e7\u00e3o e manuten\u00e7\u00e3o. Com experi\u00eancia comprovada e uma equipa dedicada, garantimos qualidade e rigor.<\/h3>\t\t\t\t<\/div>\n\t\t\t\t<div class=\"elementor-element elementor-element-8e10d8c elementor-align-left elementor-widget elementor-widget-button\" data-id=\"8e10d8c\" data-element_type=\"widget\" data-widget_type=\"button.default\">\n\t\t\t\t\t\t\t\t\t\t<a class=\"elementor-button elementor-button-link elementor-size-sm\" href=\"https:\/\/desenvolvimentoweb.pt\/elp\/contactos\/\">\n\t\t\t\t\t\t<span class=\"elementor-button-content-wrapper\">\n\t\t\t\t\t\t\t\t\t<span class=\"elementor-button-text\">Fale Connosco<\/span>\n\t\t\t\t\t<\/span>\n\t\t\t\t\t<\/a>\n\t\t\t\t\t\t\t\t<\/div>\n\t\t\t\t\t<\/div>\n\t\t<\/div>\n\t\t\t\t<div class=\"elementor-column elementor-col-33 elementor-inner-column elementor-element elementor-element-cda80b5 elementor-hidden-phone\" data-id=\"cda80b5\" data-element_type=\"column\">\n\t\t\t<div class=\"elementor-widget-wrap\">\n\t\t\t\t\t\t\t<\/div>\n\t\t<\/div>\n\t\t\t\t\t<\/div>\n\t\t<\/section>\n\t\t\t\t\t<\/div>\n\t\t<\/div>\n\t\t\t\t\t<\/div>\n\t\t<\/section>\n\t\t\t\t<\/div>\n\t\t","protected":false},"excerpt":{"rendered":"<div class=\"tmnf_excerpt\"><p>Servi\u00e7os Colocamos \u00e0 disposi\u00e7\u00e3o dos nossos clientes uma oferta diversificada de servi\u00e7os no setor da constru\u00e7\u00e3o civil. Obras P\u00fablicas Executamos projetos de obras p\u00fablicas em diferentes contextos, em parceria com munic\u00edpios, IPSS e institui\u00e7\u00f5es nacionais. Garantimos rigor, cumprimento de prazos e normas, solu\u00e7\u00f5es duradouras e de elevada qualidade para cada obra realizada. Saiba Mais Reabilita\u00e7\u00e3o &hellip;<\/p>\n<\/div>","protected":false},"author":2,"featured_media":0,"parent":0,"menu_order":0,"comment_status":"closed","ping_status":"closed","template":"elementor_header_footer","meta":{"footnotes":""},"class_list":["post-7796","page","type-page","status-publish","hentry"],"_links":{"self":[{"href":"https:\/\/desenvolvimentoweb.pt\/elp\/wp-json\/wp\/v2\/pages\/7796","targetHints":{"allow":["GET"]}}],"collection":[{"href":"https:\/\/desenvolvimentoweb.pt\/elp\/wp-json\/wp\/v2\/pages"}],"about":[{"href":"https:\/\/desenvolvimentoweb.pt\/elp\/wp-json\/wp\/v2\/types\/page"}],"author":[{"embeddable":true,"href":"https:\/\/desenvolvimentoweb.pt\/elp\/wp-json\/wp\/v2\/users\/2"}],"replies":[{"embeddable":true,"href":"https:\/\/desenvolvimentoweb.pt\/elp\/wp-json\/wp\/v2\/comments?post=7796"}],"version-history":[{"count":26,"href":"https:\/\/desenvolvimentoweb.pt\/elp\/wp-json\/wp\/v2\/pages\/7796\/revisions"}],"predecessor-version":[{"id":8052,"href":"https:\/\/desenvolvimentoweb.pt\/elp\/wp-json\/wp\/v2\/pages\/7796\/revisions\/8052"}],"wp:attachment":[{"href":"https:\/\/desenvolvimentoweb.pt\/elp\/wp-json\/wp\/v2\/media?parent=7796"}],"curies":[{"name":"wp","href":"https:\/\/api.w.org\/{rel}","templated":true}]}}